usands digit of 280553?
0
What is the units digit of 341297?
7
What is the hundred thousands digit of 201530?
2
What is the ten thousands digit of 760980?
6
What is the thousands digit of 286167?
6
What is the tens digit of 4357379?
7
What is the units digit of 686768?
8
What is the units digit of 5455365?
5
What is the tens digit of 2643692?
9
What is the ten thousands digit of 2375188?
7
What is the millions digit of 1895845?
1
What is the ten thousands digit of 904852?
0
What is the units digit of 160914?
4
What is the thousands digit of 443734?
3
What is the ten thousands digit of 1889075?
8
What is the ten thousands digit of 552091?
5
What is the ten thousands digit of 11480132?
8
What is the thousands digit of 4192679?
2
What is the thousands digit of 4975872?
5
What is the ten thousands digit of 12789918?
8
What is the tens digit of 7316059?
5
What is the thousands digit of 523328?
3
What is the units digit of 1941852?
2
What is the ten thousands digit of 567918?
6
What is the units digit of 205382?
2
What is the thousands digit of 86090?
6
What is the units digit of 38818?
8
What is the ten thousands digit of 15196653?
9
What is the millions digit of 7931548?
7
What is the units digit of 6867943?
3
What is the millions digit of 11275336?
1
What is the units digit of 5719?
9
What is the hundred thousands digit of 7880385?
8
What is the units digit of 296796?
6
What is the hundreds digit of 4597984?
9
What is the millions digit of 1715138?
1
What is the hundreds digit of 512130?
1
What is the hundreds digit of 310211?
2
What is the hundreds digit of 263783?
7
What is the hundreds digit of 382303?
3
What is the ten thousands digit of 149013?
4
What is the hundreds digit of 10575579?
5
What is the ten thousands digit of 1264892?
6
What is the units digit of 13836317?
7
What is the hundreds digit of 156417?
4
What is the units digit of 5545848?
8
What is the thousands digit of 460086?
0
What is the units digit of 51265?
5
What is the hundred thousands digit of 652205?
6
What is the units digit of 1653143?
3
What is the units digit of 5366133?
3
What is the units digit of 7580182?
2
What is the hundreds digit of 8130?
1
What is the hundreds digit of 18898150?
1
What is the units digit of 6604663?
3
What is the thousands digit of 1863863?
3
What is the thousands digit of 26148961?
8
What is the ten thousands digit of 1299243?
9
What is the hundreds digit of 406983?
9
What is the millions digit of 9207154?
9
What is the ten thousands digit of 14577372?
7
What is the hundreds digit of 313902?
9
What is the units digit of 16161012?
2
What is the units digit of 341716?
6
What is the hundreds digit of 265580?
5
What is the hundred thousands digit of 16612837?
6
What is the hundred thousands digit of 114594?
1
What is the hundred thousands digit of 31502364?
5
What is the hundreds digit of 194215?
2
What is the hundreds digit of 198853?
8
What is the thousands digit of 2406515?
6
What is the millions digit of 6283943?
6
What is the units digit of 264569?
9
What is the tens digit of 1086682?
8
What is the thousands digit of 705362?
5
What is the hundred thousands digit of 433585?
4
What is the units digit of 788430?
0
What is the hundreds digit of 7273105?
1
What is the ten thousands digit of 1109197?
0
What is the ten millions digit of 14048159?
1
What is the tens digit of 15296?
9
What is the hundreds digit of 8987466?
4
What is the millions digit of 4714828?
4
What is the millions digit of 4822003?
4
What is the tens digit of 563628?
2
What is the ten thousands digit of 691861?
9
What is the hundred thousands digit of 868356?
8
What is the hundred thousands digit of 370667?
3
What is the units digit of 41709?
9
What is the tens digit of 1143401?
0
What is the ten thousands digit of 341853?
4
What is the ten thousands digit of 273445?
7
What is the units digit of 4315947?
7
What is the ten thousands digit of 106915?
0
What is the hundred thousands digit of 22145036?
1
What is the units digit of 24465063?
3
What is the hundred thousands digit of 212642?
2
What is the units digit of 41285?
5
What is the tens digit of 2500823?
2
What is the ten thousands digit of 17627866?
2
What is the units digit of 1577717?
7
What is the thousands digit of 7000518?
0
What is the ten thousands digit of 7110291?
1
What is the ten millions digit of 19177283?
1
What is the hundred thousands digit of 586856?
5
What is the millions digit of 14241657?
4
What is the thousands digit of 6653420?
3
What is the millions digit of 2476422?
2
What is the ten thousands digit of 622484?
2
What is the hundred thousands digit of 964944?
9
What is the tens digit of 9027923?
2
What is the tens digit of 3132314?
1
What is the thousands digit of 2884143?
4
What is the hundreds digit of 143043?
0
What is the hundreds digit of 51095?
0
What is the thousands digit of 2463019?
3
What is the hundreds digit of 392322?
3
What is the units digit of 471991?
1
What is the ten thousands digit of 563230?
6
What is the units digit of 449334?
4
What is the ten thousands digit of 101059?
0
What is the ten thousands digit of 11283597?
8
What is the hundreds digit of 12458662?
6
What is the thousands digit of 10566819?
6
What is the units digit of 12313617?
7
What is the units digit of 4817022?
2
What is the hundreds digit of 8406940?
9
What is the hundreds digit of 166672?
6
What is the thousands digit of 430608?
0
What is the thousands digit of 272069?
2
What is the ten thousands digit of 41209?
4
What is the millions digit of 18498056?
8
What is the tens digit of 11836977?
7
What is the thousands digit of 43510?
3
What is the ten thousands digit of 7710100?
1
What is the units digit of 1666760?
0
What is the ten thousands digit of 543853?
4
What is the hundred thousands digit of 723631?
7
What is the tens digit of 1355045?
4
What is the hundreds digit of 598717?
7
What is the hundreds digit of 18883444?
4
What is the ten thousands digit of 39380665?
8
What is the hundreds digit of 50075?
0
What is the hundreds digit of 491497?
4
What is the thousands digit of 1356532?
6
What is the tens digit of 606439?
3
What is the hundred thousands digit of 2435105?
4
What is the units digit of 102206?
6
What is the hundreds digit of 1108889?
8
What is the ten thousands digit of 2749215?
4
What is the hundred thousands digit of 6730379?
7
What is the ten thousands digit of 549423?
4
What is the ten thousands digit of 16435?
1
What is the hundreds digit of 5822647?
6
What is the ten thousands digit of 815448?
1
What is the tens digit of 1342816?
1
What is the tens digit of 2738760?
6
What is the thousands digit of 952393?
2
What is the ten thousands digit of 79195?
7
What is the tens digit of 183163?
6
What is the millions digit of 2154928?
2
What is the millions digit of 30276832?
0
What is the hundreds digit of 16075640?
6
What is the hundred thousands digit of 1038300?
0
What is the units digit of 1529413?
3
What is the thousands digit of 433989?
3
What is the units digit of 967488?
8
What is the units digit of 2545161?
1
What is the ten thousands digit of 78551?
7
What is the tens digit of 2780293?
9
What is the thousands digit of 343637?
3
What is the thousands digit of 1127465?
7
What is the thousands digit of 921012?
1
What is the tens digit of 37081777?
7
What is the units digit of 740756?
6
What is the hundreds digit of 456822?
8
What is the hundred thousands digit of 111243?
1
What is the ten thousands digit of 3619134?
1
What is the thousands digit of 789327?
9
What is the hundreds digit of 22517371?
3
What is the hundreds digit of 1997512?
5
What is the millions digit of 6586790?
6
What is the thousands digit of 193645?
3
What is the thousands digit of 22485745?
5
What is the ten thousands digit of 202310?
0
What is the hundreds digit of 3249009?
0
What is the tens digit of 17945387?
8
What is the tens digit of 133844?
4
What is the tens digit of 3564393?
9
What is the ten thousands digit of 857133?
5
What is the ten thousands digit of 22608?
2
What is the hundreds digit of 2777118?
1
What is the hundred thousands digit of 5217286?
2
What is the hundred thousands digit of 1110027?
1
What is the millions digit of 1412872?
1
What is the thousands digit of 552237?
2
What is the thousands digit of 1406